[INFO] fetching crate lite-session 1.0.0...
[INFO] building lite-session-1.0.0 against master#881c1ac408d93bb7adaa3a51dabab9266e82eee8 for issue-85264
[INFO] extracting crate lite-session 1.0.0 into /workspace/builds/worker-10/source
[INFO] validating manifest of crates.io crate lite-session 1.0.0 on toolchain 881c1ac408d93bb7adaa3a51dabab9266e82eee8
[INFO] running `Command { std: "/workspace/cargo-home/bin/cargo" "+881c1ac408d93bb7adaa3a51dabab9266e82eee8" "metadata" "--manifest-path" "Cargo.toml" "--no-deps", kill_on_drop: false }`
[INFO] started tweaking crates.io crate lite-session 1.0.0
[INFO] finished tweaking crates.io crate lite-session 1.0.0
[INFO] tweaked toml for crates.io crate lite-session 1.0.0 written to /workspace/builds/worker-10/source/Cargo.toml
[INFO] running `Command { std: "/workspace/cargo-home/bin/cargo" "+881c1ac408d93bb7adaa3a51dabab9266e82eee8" "generate-lockfile" "--manifest-path" "Cargo.toml" "-Zno-index-update", kill_on_drop: false }`
[INFO] running `Command { std: "/workspace/cargo-home/bin/cargo" "+881c1ac408d93bb7adaa3a51dabab9266e82eee8" "fetch" "--manifest-path" "Cargo.toml", kill_on_drop: false }`
[INFO] [stderr]  Downloading crates ...
[INFO] [stderr]   Downloaded secrecy v0.7.0
[INFO] [stderr]   Downloaded blake3 v0.3.8
[INFO] [stderr]   Downloaded nanorand v0.5.2
[INFO] [stderr]   Downloaded timelite v1.0.4
[INFO] [stderr]   Downloaded tai64 v3.1.0
[INFO] running `Command { std: "docker" "create" "-v" "/var/lib/crater-agent-workspace/builds/worker-10/target:/opt/rustwide/target:rw,Z" "-v" "/var/lib/crater-agent-workspace/builds/worker-10/source:/opt/rustwide/workdir:ro,Z" "-v" "/var/lib/crater-agent-workspace/cargo-home:/opt/rustwide/cargo-home:ro,Z" "-v" "/var/lib/crater-agent-workspace/rustup-home:/opt/rustwide/rustup-home:ro,Z" "-e" "SOURCE_DIR=/opt/rustwide/workdir" "-e" "CARGO_TARGET_DIR=/opt/rustwide/target" "-e" "CARGO_HOME=/opt/rustwide/cargo-home" "-e" "RUSTUP_HOME=/opt/rustwide/rustup-home" "-w" "/opt/rustwide/workdir" "-m" "1610612736" "--user" "0:0" "--network" "none" "ghcr.io/rust-lang/crates-build-env/linux@sha256:20528e8c29e4536546f0102ce88568b16ea7538393a33fcca951030f7af10457" "/opt/rustwide/cargo-home/bin/cargo" "+881c1ac408d93bb7adaa3a51dabab9266e82eee8" "metadata" "--no-deps" "--format-version=1", kill_on_drop: false }`
[INFO] [stderr] WARNING: Your kernel does not support swap limit capabilities or the cgroup is not mounted. Memory limited without swap.
[INFO] [stdout] 813fbaf0e6ec5977a5d7bfaf4fe0ea8bca20c03591ae9563d2cd78175f50adca
[INFO] running `Command { std: "docker" "start" "-a" "813fbaf0e6ec5977a5d7bfaf4fe0ea8bca20c03591ae9563d2cd78175f50adca", kill_on_drop: false }`
[INFO] running `Command { std: "docker" "inspect" "813fbaf0e6ec5977a5d7bfaf4fe0ea8bca20c03591ae9563d2cd78175f50adca", kill_on_drop: false }`
[INFO] running `Command { std: "docker" "rm" "-f" "813fbaf0e6ec5977a5d7bfaf4fe0ea8bca20c03591ae9563d2cd78175f50adca", kill_on_drop: false }`
[INFO] [stdout] 813fbaf0e6ec5977a5d7bfaf4fe0ea8bca20c03591ae9563d2cd78175f50adca
[INFO] running `Command { std: "docker" "create" "-v" "/var/lib/crater-agent-workspace/builds/worker-10/target:/opt/rustwide/target:rw,Z" "-v" "/var/lib/crater-agent-workspace/builds/worker-10/source:/opt/rustwide/workdir:ro,Z" "-v" "/var/lib/crater-agent-workspace/cargo-home:/opt/rustwide/cargo-home:ro,Z" "-v" "/var/lib/crater-agent-workspace/rustup-home:/opt/rustwide/rustup-home:ro,Z" "-e" "SOURCE_DIR=/opt/rustwide/workdir" "-e" "CARGO_TARGET_DIR=/opt/rustwide/target" "-e" "CARGO_INCREMENTAL=0" "-e" "RUST_BACKTRACE=full" "-e" "RUSTFLAGS=--cap-lints=forbid" "-e" "CARGO_HOME=/opt/rustwide/cargo-home" "-e" "RUSTUP_HOME=/opt/rustwide/rustup-home" "-w" "/opt/rustwide/workdir" "-m" "1610612736" "--user" "0:0" "--network" "none" "ghcr.io/rust-lang/crates-build-env/linux@sha256:20528e8c29e4536546f0102ce88568b16ea7538393a33fcca951030f7af10457" "/opt/rustwide/cargo-home/bin/cargo" "+881c1ac408d93bb7adaa3a51dabab9266e82eee8" "build" "--frozen" "--message-format=json", kill_on_drop: false }`
[INFO] [stderr] WARNING: Your kernel does not support swap limit capabilities or the cgroup is not mounted. Memory limited without swap.
[INFO] [stdout] e2c7d4707505d700de95771844f3e1d16e6107c802fe3a5f1f736f7ec392c0b6
[INFO] running `Command { std: "docker" "start" "-a" "e2c7d4707505d700de95771844f3e1d16e6107c802fe3a5f1f736f7ec392c0b6", kill_on_drop: false }`
[INFO] [stderr]    Compiling subtle v2.4.0
[INFO] [stderr]    Compiling arrayvec v0.5.2
[INFO] [stderr]    Compiling constant_time_eq v0.1.5
[INFO] [stderr]    Compiling arrayref v0.3.6
[INFO] [stderr]    Compiling zeroize v1.3.0
[INFO] [stderr]    Compiling nanorand v0.5.2
[INFO] [stderr]    Compiling tai64 v3.1.0
[INFO] [stderr]    Compiling timelite v1.0.4
[INFO] [stderr]    Compiling hex v0.4.3
[INFO] [stderr]    Compiling blake3 v0.3.8
[INFO] [stderr]    Compiling chacha20 v0.6.0
[INFO] [stderr]    Compiling secrecy v0.7.0
[INFO] [stderr]    Compiling crypto-mac v0.8.0
[INFO] [stderr]    Compiling lite-session v1.0.0 (/opt/rustwide/workdir)
[INFO] [stdout] error[E0425]: cannot find function `encode` in crate `hex`
[INFO] [stdout]   --> src/ciphertext.rs:46:31
[INFO] [stdout]    |
[INFO] [stdout] 46 |         let cipher_hex = hex::encode(cipher_text);
[INFO] [stdout]    |                               ^^^^^^ not found in `hex`
[INFO] [stdout] 
[INFO] [stdout] 
[INFO] [stdout] error[E0425]: cannot find function `encode` in crate `hex`
[INFO] [stdout]    --> src/token.rs:128:31
[INFO] [stdout]     |
[INFO] [stdout] 128 |         let issue_time = hex::encode(self.issued.to_bytes());
[INFO] [stdout]     |                               ^^^^^^ not found in `hex`
[INFO] [stdout] 
[INFO] [stdout] 
[INFO] [stdout] error[E0425]: cannot find function `encode` in crate `hex`
[INFO] [stdout]    --> src/token.rs:129:32
[INFO] [stdout]     |
[INFO] [stdout] 129 |         let expiry_time = hex::encode(self.expiry.to_bytes());
[INFO] [stdout]     |                                ^^^^^^ not found in `hex`
[INFO] [stdout] 
[INFO] [stdout] 
[INFO] [stdout] error[E0425]: cannot find function `encode` in crate `hex`
[INFO] [stdout]    --> src/token.rs:150:31
[INFO] [stdout]     |
[INFO] [stdout] 150 |         let issue_time = hex::encode(self.issued.to_bytes());
[INFO] [stdout]     |                               ^^^^^^ not found in `hex`
[INFO] [stdout] 
[INFO] [stdout] 
[INFO] [stdout] error[E0425]: cannot find function `encode` in crate `hex`
[INFO] [stdout]    --> src/token.rs:151:32
[INFO] [stdout]     |
[INFO] [stdout] 151 |         let expiry_time = hex::encode(self.expiry.to_bytes());
[INFO] [stdout]     |                                ^^^^^^ not found in `hex`
[INFO] [stdout] 
[INFO] [stdout] 
[INFO] [stdout] error[E0425]: cannot find function `encode` in crate `hex`
[INFO] [stdout]    --> src/token.rs:159:29
[INFO] [stdout]     |
[INFO] [stdout] 159 |         let hmac_hex = hex::encode(&hmac.as_bytes());
[INFO] [stdout]     |                             ^^^^^^ not found in `hex`
[INFO] [stdout] 
[INFO] [stdout] 
[INFO] [stdout] error[E0425]: cannot find function `decode` in crate `hex`
[INFO] [stdout]    --> src/token.rs:215:47
[INFO] [stdout]     |
[INFO] [stdout] 215 |         let mut ciphertext_bytes = match hex::decode(ciphertext_hex) {
[INFO] [stdout]     |                                               ^^^^^^ not found in `hex`
[INFO] [stdout]     |
[INFO] [stdout] help: consider importing this function
[INFO] [stdout]     |
[INFO] [stdout] 1   | use core::num::flt2dec::decode;
[INFO] [stdout]     |
[INFO] [stdout] 
[INFO] [stdout] 
[INFO] [stdout] error[E0425]: cannot find function `encode` in crate `hex`
[INFO] [stdout]    --> src/token.rs:253:27
[INFO] [stdout]     |
[INFO] [stdout] 253 |         let issued = hex::encode(self.issued.to_bytes());
[INFO] [stdout]     |                           ^^^^^^ not found in `hex`
[INFO] [stdout] 
[INFO] [stdout] 
[INFO] [stdout] error[E0425]: cannot find function `encode` in crate `hex`
[INFO] [stdout]    --> src/token.rs:254:27
[INFO] [stdout]     |
[INFO] [stdout] 254 |         let expiry = hex::encode(self.expiry.to_bytes());
[INFO] [stdout]     |                           ^^^^^^ not found in `hex`
[INFO] [stdout] 
[INFO] [stdout] 
[INFO] [stdout] error[E0425]: cannot find function `decode` in crate `hex`
[INFO] [stdout]    --> src/token.rs:267:36
[INFO] [stdout]     |
[INFO] [stdout] 267 |         let tai_bytes = match hex::decode(hex_str) {
[INFO] [stdout]     |                                    ^^^^^^ not found in `hex`
[INFO] [stdout]     |
[INFO] [stdout] help: consider importing this function
[INFO] [stdout]     |
[INFO] [stdout] 1   | use core::num::flt2dec::decode;
[INFO] [stdout]     |
[INFO] [stdout] 
[INFO] [stdout] 
[INFO] [stdout] error[E0425]: cannot find function `decode` in crate `hex`
[INFO] [stdout]    --> src/token.rs:278:37
[INFO] [stdout]     |
[INFO] [stdout] 278 |         let hash_bytes = match hex::decode(hash_hex) {
[INFO] [stdout]     |                                     ^^^^^^ not found in `hex`
[INFO] [stdout]     |
[INFO] [stdout] help: consider importing this function
[INFO] [stdout]     |
[INFO] [stdout] 1   | use core::num::flt2dec::decode;
[INFO] [stdout]     |
[INFO] [stdout] 
[INFO] [stdout] 
[INFO] [stdout] error[E0277]: the size for values of type `[u8]` cannot be known at compilation time
[INFO] [stdout]    --> src/token.rs:215:13
[INFO] [stdout]     |
[INFO] [stdout] 215 |         let mut ciphertext_bytes = match hex::decode(ciphertext_hex) {
[INFO] [stdout]     |             ^^^^^^^^^^^^^^^^^^^^ doesn't have a size known at compile-time
[INFO] [stdout]     |
[INFO] [stdout]     = help: the trait `Sized` is not implemented for `[u8]`
[INFO] [stdout]     = note: all local variables must have a statically known size
[INFO] [stdout]     = help: unsized locals are gated as an unstable feature
[INFO] [stdout] 
[INFO] [stdout] 
[INFO] [stdout] error[E0277]: the size for values of type `[u8]` cannot be known at compilation time
[INFO] [stdout]    --> src/token.rs:216:16
[INFO] [stdout]     |
[INFO] [stdout] 216 |             Ok(bytes) => bytes,
[INFO] [stdout]     |                ^^^^^ doesn't have a size known at compile-time
[INFO] [stdout]     |
[INFO] [stdout]     = help: the trait `Sized` is not implemented for `[u8]`
[INFO] [stdout]     = note: all local variables must have a statically known size
[INFO] [stdout]     = help: unsized locals are gated as an unstable feature
[INFO] [stdout] 
[INFO] [stdout] 
[INFO] [stdout] error[E0277]: the size for values of type `[u8]` cannot be known at compilation time
[INFO] [stdout]    --> src/token.rs:216:13
[INFO] [stdout]     |
[INFO] [stdout] 216 |             Ok(bytes) => bytes,
[INFO] [stdout]     |             ^^^^^^^^^ doesn't have a size known at compile-time
[INFO] [stdout]     |
[INFO] [stdout]     = help: the trait `Sized` is not implemented for `[u8]`
[INFO] [stdout]     = note: required by `Ok`
[INFO] [stdout] 
[INFO] [stdout] 
[INFO] [stdout] error[E0277]: the size for values of type `[u8]` cannot be known at compilation time
[INFO] [stdout]    --> src/token.rs:267:13
[INFO] [stdout]     |
[INFO] [stdout] 267 |         let tai_bytes = match hex::decode(hex_str) {
[INFO] [stdout]     |             ^^^^^^^^^ doesn't have a size known at compile-time
[INFO] [stdout]     |
[INFO] [stdout]     = help: the trait `Sized` is not implemented for `[u8]`
[INFO] [stdout]     = note: all local variables must have a statically known size
[INFO] [stdout]     = help: unsized locals are gated as an unstable feature
[INFO] [stdout] 
[INFO] [stdout] 
[INFO] [stdout] error[E0277]: the size for values of type `[u8]` cannot be known at compilation time
[INFO] [stdout]    --> src/token.rs:268:16
[INFO] [stdout]     |
[INFO] [stdout] 268 |             Ok(bytes) => bytes,
[INFO] [stdout]     |                ^^^^^ doesn't have a size known at compile-time
[INFO] [stdout]     |
[INFO] [stdout]     = help: the trait `Sized` is not implemented for `[u8]`
[INFO] [stdout]     = note: all local variables must have a statically known size
[INFO] [stdout]     = help: unsized locals are gated as an unstable feature
[INFO] [stdout] 
[INFO] [stdout] 
[INFO] [stdout] error[E0277]: the size for values of type `[u8]` cannot be known at compilation time
[INFO] [stdout]    --> src/token.rs:268:13
[INFO] [stdout]     |
[INFO] [stdout] 268 |             Ok(bytes) => bytes,
[INFO] [stdout]     |             ^^^^^^^^^ doesn't have a size known at compile-time
[INFO] [stdout]     |
[INFO] [stdout]     = help: the trait `Sized` is not implemented for `[u8]`
[INFO] [stdout]     = note: required by `Ok`
[INFO] [stdout] 
[INFO] [stdout] 
[INFO] [stdout] error: aborting due to 17 previous errors
[INFO] [stdout] 
[INFO] [stdout] 
[INFO] [stdout] Some errors have detailed explanations: E0277, E0425.
[INFO] [stdout] 
[INFO] [stdout] For more information about an error, try `rustc --explain E0277`.
[INFO] [stdout] 
[INFO] [stderr] error: could not compile `lite-session`
[INFO] [stderr] 
[INFO] [stderr] To learn more, run the command again with --verbose.
[INFO] [stderr] warning: build failed, waiting for other jobs to finish...
[INFO] [stderr] error: build failed
[INFO] running `Command { std: "docker" "inspect" "e2c7d4707505d700de95771844f3e1d16e6107c802fe3a5f1f736f7ec392c0b6", kill_on_drop: false }`
[INFO] running `Command { std: "docker" "rm" "-f" "e2c7d4707505d700de95771844f3e1d16e6107c802fe3a5f1f736f7ec392c0b6", kill_on_drop: false }`
[INFO] [stdout] e2c7d4707505d700de95771844f3e1d16e6107c802fe3a5f1f736f7ec392c0b6
